e 952?
True
Is 16 a factor of 16872?
False
Is 25 a factor of 1970?
False
Is 20 a factor of 709?
False
Does 7 divide 1215?
False
Is 560 a multiple of 73?
False
Is 7 a factor of 1186?
False
Does 92 divide 2300?
True
Does 5 divide 186?
False
Is 1142 a multiple of 8?
False
Is 15405 a multiple of 13?
True
Does 67 divide 92532?
False
Does 32 divide 843?
False
Does 9 divide 4194?
True
Does 3 divide 74?
False
Is 4 a factor of 8552?
True
Is 55 a factor of 7637?
False
Is 26812 a multiple of 34?
False
Is 25114 a multiple of 10?
False
Is 11229 a multiple of 67?
False
Is 415 a multiple of 6?
False
Does 17 divide 3349?
True
Does 32 divide 9920?
True
Is 744 a multiple of 24?
True
Does 7 divide 914?
False
Does 52 divide 22021?
False
Is 21543 a multiple of 16?
False
Is 2988 a multiple of 3?
True
Is 20 a factor of 39440?
True
Does 16 divide 144?
True
Is 6 a factor of 193?
False
Is 62 a factor of 12850?
False
Is 1518 a multiple of 2?
True
Does 35 divide 6545?
True
Is 95 a factor of 6939?
False
Is 15 a factor of 39870?
True
Is 4 a factor of 45?
False
Is 4060 a multiple of 102?
False
Is 1716 a multiple of 12?
True
Is 5175 a multiple of 75?
True
Is 426 a multiple of 105?
False
Is 762 a multiple of 3?
True
Does 64 divide 55779?
False
Does 9 divide 662?
False
Is 26 a multiple of 26?
True
Is 218 a factor of 26814?
True
Is 521 a multiple of 40?
False
Does 6 divide 69?
False
Is 22769 a multiple of 10?
False
Is 13 a factor of 13807?
False
Does 45 divide 4230?
True
Is 27 a factor of 870?
False
Does 75 divide 9150?
True
Is 30195 a multiple of 47?
False
Is 8700 a multiple of 75?
True
Is 72 a factor of 93744?
True
Is 32 a factor of 3456?
True
Is 7996 a multiple of 69?
False
Does 10 divide 253?
False
Is 10 a factor of 924?
False
Does 46 divide 8288?
False
Is 2038 a multiple of 18?
False
Is 8 a factor of 8912?
True
Does 8 divide 640?
True
Is 54 a factor of 13648?
False
Does 105 divide 21907?
False
Does 25 divide 4167?
False
Is 87 a factor of 7242?
False
Does 195 divide 24180?
True
Is 20555 a multiple of 183?
False
Does 9 divide 504?
True
Is 4880 a multiple of 126?
False
Is 9466 a multiple of 21?
False
Does 42 divide 3323?
False
Is 2615 a multiple of 9?
False
Is 80 a factor of 5760?
True
Does 176 divide 5632?
True
Does 8 divide 248?
True
Does 8 divide 1051?
False
Does 33 divide 971?
False
Is 9 a factor of 698?
False
Does 112 divide 3595?
False
Is 83 a factor of 1312?
False
Does 15 divide 2430?
True
Is 81 a factor of 9490?
False
Does 103 divide 2163?
True
Is 6 a factor of 221?
False
Is 87 a factor of 2088?
True
Is 1482 a multiple of 32?
False
Is 1125 a multiple of 75?
True
Does 46 divide 219?
False
Does 23 divide 392?
False
Is 4 a factor of 2476?
True
Is 6 a factor of 475?
False
Is 3 a factor of 559?
False
Is 45 a factor of 650?
False
Does 12 divide 6816?
True
Is 27 a factor of 3264?
False
Is 103 a factor of 17099?
False
Is 696 a multiple of 12?
True
Does 14 divide 19432?
True
Is 28 a factor of 868?
True
Is 12 a factor of 3156?
True
Is 32 a factor of 7414?
False
Does 31 divide 93?
True
Is 44 a factor of 13200?
True
Does 7 divide 2254?
True
Does 214 divide 85996?
False
Is 22 a factor of 3136?
False
Is 3995 a multiple of 47?
True
Does 209 divide 121847?
True
Is 2760 a multiple of 40?
True
Is 29 a factor of 900?
False
Is 132 a multiple of 18?
False
Does 88 divide 3093?
False
Is 10868 a multiple of 38?
True
Does 140 divide 69490?
False
Does 34 divide 1904?
True
Is 5 a factor of 6323?
False
Is 109 a factor of 872?
True
Does 20 divide 2600?
True
Does 155 divide 46655?
True
Is 67 a multiple of 67?
True
Is 1238 a multiple of 2?
True
Is 8 a factor of 3432?
True
Does 30 divide 330?
True
Is 475 a multiple of 7?
False
Is 2 a factor of 49?
False
Is 40 a factor of 9453?
False
Does 37 divide 968?
False
Is 34 a multiple of 4?
False
Is 5501 a multiple of 20?
False
Does 21 divide 10311?
True
Is 70 a factor of 2520?
True
Does 67 divide 18346?
False
Is 209 a factor of 14344?
False
Does 100 divide 10950?
False
Is 47945 a multiple of 60?
False
Is 35 a factor of 182?
False
Is 10 a factor of 1745?
False
Does 91 divide 9460?
False
Is 84 a factor of 3750?
False
Is 5913 a multiple of 81?
True
Is 190217 a multiple of 37?
True
Is 2160 a multiple of 18?
True
Is 13 a factor of 5395?
True
Does 69 divide 54619?
False
Does 30 divide 5046?
False
Is 45 a factor of 540?
True
Does 88 divide 20280?
False
Does 41 divide 1815?
False
Is 18 a factor of 1278?
True
Is 117 a factor of 16614?
True
Is 38 a factor of 1819?
False
Does 26 divide 14638?
True
Is 9136 a multiple of 16?
True
Is 3 a factor of 137?
False
Is 13540 a multiple of 99?
False
Is 30 a factor of 4260?
True
Does 28 divide 3072?
False
Is 5 a factor of 13290?
True
Is 4626 a multiple of 161?
False
Is 18837 a multiple of 23?
True
Does 15 divide 1455?
True
Is 1552 a multiple of 8?
True
Does 25 divide 14162?
False
Is 2 a factor of 63?
False
Does 21 divide 21?
True
Does 16 divide 2928?
True
Is 1168 a multiple of 68?
False
Is 8201 a multiple of 3?
False
Is 2981 even?
False
Is 100 a factor of 6200?
True
Is 36 a factor of 25452?
True
Does 12 divide 33621?
False
Is 12 a factor of 21192?
True
Is 26 a factor of 5278?
True
Does 22 divide 161?
False
Is 26 a factor of 5897?
False
Does 6 divide 41704?
False
Is 125 a factor of 81276?
False
Is 23 a factor of 6655?
False
Does 2 divide 756?
True
Is 28 a factor of 2520?
True
Does 17 divide 2717?
False
Is 105 a multiple of 14?
False
Does 23 divide 50159?
False
Is 11 a factor of 242?
True
Is 3250 a multiple of 10?
True
Is 40699 a multiple of 62?
False
Is 10 a factor of 412?
False
Is 1098 a multiple of 19?
False
Does 4 divide 156?
True
Is 62 a factor of 372?
True
Is 1780 a multiple of 20?
True
Does 56 divide 16800?
True
Does 11 divide 77?
True
Does 32 divide 2883?
False
Is 12782 a multiple of 60?
False
Is 167 a multiple of 34?
False
Is 19 a factor of 1311?
True
Does 35 divide 245?
True
Is 100 a multiple of 10?
True
Is 65 a multiple of 7?
False
Is 5058 a multiple of 24?
False
Is 9 a factor of 826?
False
Is 2 a factor of 2175?
False
Is 18560 a multiple of 145?
True
Is 77 a factor of 2566?
False
Does 13 divide 2436?
False
Is 1972 a multiple of 116?
True
Is 3 a factor of 34?
False
Is 13 a factor of 8398?
True
Is 65 a factor of 1235?
True
Is 87 a factor of 65187?
False
Is 4 a factor of 137?
False
Is 6 a factor of 2130?
True
Does 4 divide 144?
True
Is 17 a factor of 578?
True
Is 68640 a multiple of 60?
True
Is 3967 a multiple of 81?
False
Is 796 a multiple of 15?
False
Is 2835 a multiple of 35?
True
Is 19 a factor of 3609?
False
Does 19 divide 76?
True
Is 59 a factor of 826?
True
Is 12256 a multiple of 106?
False
Is 6520 a multiple of 10?
True
Is 126 a multiple of 14?
True
Does 26 divide 8424?
True
Is 34 a factor of 5610?
True
Does 15 divide 2130?
True
Is 56068 a multiple of 131?
True
Does 7 divide 357?
True
Is 104 a factor of 1905?
False
Does 14 divide 50862?
True
Is 67 a factor of 1788?
False
Is 331 a multiple of 30?
False
Is 11065 a multiple of 10?
False
Is 16 a factor of 3504?
True
Is 33461 a multiple of 18?
False
Does 12 divide 352?
False
Does 111 divide 3885?
True
Is 24649 a multiple of 144?
False
Is 1687 even?
False
Is 2240 a multiple of 40?
True
Is 2 a factor of 48?
True
Is 3 a factor of 123?
True
Is 13 a factor of 1222?
True
Is 8 a factor of 17728?
True
Does 21 divide 1176?
True
Is 93 a factor of 27166?
False
Is 10264 a multiple of 8?
True
Does 19 divide 1064?
True
Is 12 a factor of 1135?
False
Is 3553 a multiple of 11?
True
Does 134 divide 9125?
False
Does 81 divide 9639?
True
Is 47 a factor of 43898?
True
Does 4 divide 933?
False
Is 1673 a multiple of 9?
False
Does 57 divide 969?
True
Is 15 a factor of 555?
True
Is 9 a factor of 9648?
True
Does 6 divide 2928?
True
Is 3824 a multiple of 44?
False
Is 4 a factor of 426?
False
Is 752 a multiple of 8?
True
Is 662 a multiple of 10?
False
Is 1650 a multiple of 66?
True
Does 95 divide 5076?
False
Is 2370 a multiple of 79?
True
Is 1664 a multiple of 3?
False
Is 1561 a multiple of 4?
False
Is 980 a multiple of 18?
False
Is 3527 a multiple of 12?
False
Is 1320 a multiple of 60?
True
Is 153 a multiple of 41?
False
Is 24 a factor of 3632?
False
Does 74 divide 1628?
True
Is 10 a factor of 6240?
True
Is 69264 a multiple of 74?
True
Is 10 a factor of 4888?
False
Does 2 divide 2391?
False
Is